)/6)/(2/(-6)). Suppose -178 + d = -b. Calculate the greatest common factor of b and x.
18
Let v = 5 - 1. Suppose 0 = -c + v + 5. Calculate the highest common factor of c and 3.
3
Let x(l) = 31*l + 22. Let p be x(6). What is the greatest common divisor of p and 26?
26
Suppose 2*o - 8 = 5*y, -3*y + o + 2*o = 3. Let n be 56/1 - y/(-2). Let r = -11 - -22. Calculate the highest common factor of r and n.
11
Suppose -3*t + 0*a + 4 = -a, -3*t - 4*a + 14 = 0. Let k be t/(0 + -2) - -16. Calculate the greatest common factor of 15 and k.
15
Suppose l + 2*v = 3*v + 9, 4*v + 31 = 3*l. What is the greatest common divisor of l and 20?
5
Let i(r) = -2*r**3 - 2*r**2 - r - 1. Let d be i(2). Suppose 3*c - 2 = -29. Let v = c - d. What is the greatest common factor of v and 90?
18
Let f be (1/(-2))/((-1)/24). Let d be -29*(1 - (-1 - -1)). Let k = d - -41. What is the highest common factor of f and k?
12
Suppose 12 = 4*i - 64. What is the highest common factor of 19 and i?
19
Let b(d) = 7*d**2 + 3*d. Let u be b(-4). Suppose 3*o + 6 = 0, 662 - u = 5*x - o. What is the highest common factor of x and 16?
16
Let l(s) = -5 + 0 + s**3 + 9*s**2 - 5*s + 0. Let r be l(-9). Calculate the highest common factor of 8 and r.
8
Let z(v) = -5*v - 15. Let p be z(-12). Calculate the highest common divisor of 15 and p.
15
Suppose -i + 2 + 0 = 0. Suppose 2*t - d = i*d + 236, 3*t - 354 = -2*d. Suppose 5*k + 38 - t = 0. What is the greatest common factor of 144 and k?
16
Let k be 1*-126*(-4)/6. Let f = 2 - 0. Let y be (-12)/(-1 - 0/f). What is the greatest common factor of k and y?
12
Suppose -2*m + m = -91. Suppose 0 = -4*w - 260 + 52. Let i be w/(-6)*(-27)/(-18). Calculate the highest common divisor of i and m.
13
Let p(y) = 5*y**3 - y**2 - 5*y + 4. Let n be p(3). Calculate the greatest common divisor of 46 and n.
23
Suppose 0 = -5*k - 25, -2*k - 145 = -4*z - z. What is the greatest common factor of 3 and z?
3
Suppose 0 = -2*x + 22 - 0. Suppose -n = -t - 56, -106 = 2*t - 6*n + n. Let d = 19 - t. What is the greatest common factor of d and x?
11
Let w = 30 - 26. Suppose -2*n + 11 = -7*o + 4*o, 9 = 2*n - o. What is the greatest common factor of n and w?
4
Let c(x) = -x + 4. Let d be c(3). Let h(y) be the first derivative of 17*y**3/3 - 8. Let b be h(d). What is the greatest common factor of 170 and b?
17
Let v = 10 + -7. Suppose 3*k - 43 = 29. What is the highest common divisor of v and k?
3
Let m be -2 + 43 + (-8 - -9). What is the highest common divisor of 12 and m?
6
Let h = -6 + 17. Let o be (-15)/(-10) + 6/4. Suppose -22 = k - o*k. Calculate the greatest common factor of k and h.
11
Let c = 4 + -2. Suppose 92 = 4*z + 4*o, 0 = -c*z - 2*z + 3*o + 99. What is the highest common factor of 12 and z?
12
Suppose -2*z + 4 = -4. Suppose 2*w + 2*w - c = 0, -z*c = 5*w. Suppose w = -m - 2*m + 15. What is the greatest common divisor of m and 5?
5
Suppose -z - 2*z = j - 5, 0 = j - 2*z + 20. Let y be j/(0 - (2 - 0)). Let g be (-3)/(3/11)*-5. Calculate the greatest common divisor of y and g.
5
Suppose 3*b - 11 - 1 = 0. Suppose b*s + 13 = 141. Calculate the highest common divisor of 48 and s.
16
Suppose -6*s + 7 + 23 = 0. Calculate the highest common factor of 5 and s.
5
Let d = 199 - 84. Let l(c) = c**3 + c**2 - 66. Let a be l(0). Let q = a + d. Calculate the highest common factor of 7 and q.
7
Suppose 5*l + 25 = 0, 0 = -4*c + 2*l - 6*l + 20. Suppose -g - h = -6*g + 455, g - 75 = -3*h. What is the highest common factor of g and c?
10
Suppose 4*p - 3*r = 639, -2*p + 3*r = -7*p + 819. Let c = 14 + 4. Calculate the highest common divisor of c and p.
18
Let y be 2/13 + 1520/260. Let h be -1 + (-1 - -3) + -1. Suppose 3*t - 8 - 19 = h. What is the highest common factor of y and t?
3
Suppose 5*h + 5*i = -74 + 279, 3*h = i + 103. Suppose 7 + 11 = 2*u. Calculate the greatest common divisor of u and h.
9
Let d = 6 - 3. Suppose -4*y - n = -307, y = d*y - 3*n - 157. Suppose -5*v = -46 + 11. Calculate the highest common divisor of v and y.
7
Let a(h) = -h**3 + 4*h**2 - 5*h + 4. Let i be a(3). Let x be 8/6*(-3)/i. Calculate the highest common divisor of 4 and x.
2
Let r(h) = 3*h - 11. Let s be r(9). What is the greatest common divisor of 24 and s?
8
Suppose -4*z - z = -5*o + 100, -3*z = -4*o + 59. Let i = z + 55. Suppose -5*f - 112 = -2*j, 3*f - 20 = -j + 25. Calculate the highest common factor of i and j.
17
Let j(s) = -75*s. Let y be j(-1). Let p = y + -12. Suppose 2*c - 47 - p = 0. Calculate the greatest common factor of 5 and c.
5
Let v be ((-84)/(-10))/(2/5). Let s be (-1 - 6/(-3))*14. Calculate the highest common factor of v and s.
7
Let p be (1 - (4 + -2))*-5. Suppose 0*f + p*f = 345. Suppose g - f = -3*u + 6*g, -u = 2*g - 12. What is the highest common factor of u and 198?
18
Let q(z) be the first derivative of -z**2/2 + 2*z - 4. Suppose -2*t = 10, u + 3 = -3*t - 17. Let a be q(u). What is the greatest common divisor of a and 14?
7
Suppose -3*d + 57 = -0*d. What is the highest common factor of 76 and d?
19
Let z(f) = -f - 9. Let j be z(-11). Suppose -p - j*p = -15. Calculate the greatest common divisor of p and 20.
5
Suppose 5*i + 3*z = 909, 1160 - 425 = 4*i + 5*z. Suppose 2*q = -18 - 22. Let j = q + 38. Calculate the highest common divisor of j and i.
18
Let z(v) = v**3 + v + 2. Suppose -5*d - 2*y = 8, -7 = 5*d + y - 3. Let s be z(d). Suppose 6*w - 180 = s*w. Calculate the greatest common factor of w and 18.
9
Let n be (-10)/(-6) + 7/21. Calculate the highest common factor of n and 18.
2
Let j = 7 + 40. What is the highest common factor of 47 and j?
47
Let w = 0 + 3. Suppose 4*v = -5*s + 39, -s - 3 = w*v - 35. What is the highest common divisor of 11 and v?
11
Let r be 2/(-1*(-3)/18). Suppose -f - 4*f + 300 = 0. What is the greatest common divisor of r and f?
12
Let n be 99/6 - (-2)/(-4). Suppose g = 3*g + n. Let r be (-174)/g + 2/8. What is the highest common factor of r and 110?
22
Let q(a) = -a - 1. Let i be q(-4). Suppose i*f = 2*f + 14. Let o be (8/6)/(4/462). What is the highest common divisor of f and o?
14
Let l = 7 - -15. What is the highest common divisor of 44 and l?
22
Suppose -w + 1 - 5 = 0, -3*w + 13 = 5*t. Calculate the greatest common divisor of t and 40.
5
Suppose 4*z - 3 - 17 = 0. Suppose 0*k = -5*m - k + 35, -25 = -z*m + k. Let x = 43 - -5. What is the highest common factor of x and m?
6
Let s = 56 - 32. Let c = -25 - -31. Calculate the highest common divisor of c and s.
6
Suppose 5*w = -b + 15 + 20, 0 = -5*w + 3*b + 55. Calculate the greatest common divisor of 48 and w.
8
Let z be 2/3 + (-68)/12. Let p be 72*z/(15/(-2)). Calculate the greatest common divisor of p and 72.
24
Let p(t) = 5*t - 4. Let s be p(11). What is the greatest common factor of s and 17?
17
Let r = 56 - -9. Suppose -11*h - 130 = -16*h. What is the greatest common divisor of h and r?
13
Suppose -2*j = j - 165. Suppose -2*s - 3 = -3*s. Suppose 64 + 2 = s*k. Calculate the greatest common factor of j and k.
11
Suppose 3*d - 6 = -z + 4, 3*d + 4*z = -5. Suppose d*k = 11 + 49. Calculate the highest common factor of k and 12.
12
Let w be (-6)/(-1*(-2)/(-5)). Let c be (1 + 1)*(-7)/(-7). Suppose 8 = x - c. Calculate the greatest common divisor of w and x.
5
Let n(m) = m**2 + 7*m - 2. Let o(j) = j**3 - j**2 - j - 11. Let l be o(0). Let u be n(l). What is the highest common divisor of u and 6?
6
Suppose u - 6*u + 15 = 0. Suppose 93 = 3*c + b + 26, -135 = -5*c + u*b. Let f be (-2 + 6)*6/8. What is the greatest common factor of c and f?
3
Suppose q - 2*t = -t + 2, 0 = 2*t. Suppose -3 = q*z - 21. Calculate the highest common factor of z and 27.
9
Let c = 13 + 15. Let u = c - 12. What is the highest common factor of u and 112?
16
Let y be 6/9*18/4. Suppose -y*t + 34 - 13 = 0. Suppose 450 + 12 = 6*n. What is the highest common divisor of t and n?
7
Let f be 2/(-2) + (-2 - -3). Suppose 2*l - 6*l + 616 = f. Calculate the highest common factor of l and 22.
22
Let i(n) = -n**3 - n**2 + n + 1. Let q be i(-3). Let b be 81/18 + 1/(-2). What is the highest common divisor of q and b?
4
Let q be (-4)/(-2) - 1*-2. Suppose o = -3*j + 22, 0 = 5*j - o - 16 - 10. Let f = 10 - j. What is the highest common factor of q and f?
4
Suppose 260 = m + 4*m. Suppose 3*h + 13 = -4*g + 40, -2*h + 20 = 2*g. Calculate the highest common factor of m and h.